2 - 2*g + 12 - 2*g**2 - 2*g**3 - 3*g**2. Let a be z(-8). Let i = a + 95. Is i a composite number?
False
Let h = 96 + -93. Suppose 3*z - 4265 = -5*c + 2*z, -c + 853 = h*z. Is c prime?
True
Let f(z) = -6*z**2 - 8*z - 3. Let j(q) = -7*q**2 - 9*q - 3. Let x(o) = 4*f(o) - 3*j(o). Let y be x(-8). Let i = y + 240. Is i composite?
True
Let t(b) be the second derivative of -b**4/12 - 3*b**3 - 25*b**2/2 + 11*b. Let l be t(-13). Is 2/(-10) + 8928/l a composite number?
False
Suppose -3*b = -d + 3862, 13*d + 2*b = 11*d + 7764. Is d a prime number?
True
Suppose -5*o + 0*o + 3445 = 0. Let s = 475 - o. Let j = s - -401. Is j prime?
False
Suppose 0 = -6*d + 10*d - 16. Is (1959/9)/(4/144*d) prime?
False
Suppose 4*z + 16 = 3*t - 47, 3 = -z. Let f(m) = -m**2 + 20*m + 16. Is f(t) prime?
True
Is 623592/270 - (-6)/(-10) composite?
False
Let v(s) = -396*s**3 + s**2 - 2. Let o be v(2). Is 3*((-2)/2 + o/(-3)) prime?
True
Let a = 6282 - 1775. Is a a prime number?
True
Let p be ((-12)/(-15))/((-4)/70). Is (-10)/35 + (-30510)/p prime?
True
Suppose -17166 - 61668 = -6*g. Is g a prime number?
False
Suppose 0*i = -2*h - i + 5, h - 4*i - 16 = 0. Suppose 2166 = h*o - 3*q, 3*o - 2*q - 1627 = -q. Suppose 0 = -3*x + 234 + o. Is x prime?
False
Let n = 0 - 1. Is n - (-18240)/5*1 composite?
True
Suppose c + 5*p = 6328, -13589 + 38991 = 4*c + 2*p. Is c composite?
False
Suppose -4*z + 4895 = 3*i, 0 = 4*i - i + 3*z - 4899. Is i composite?
False
Let a be (-4 - 70/(-15))*3. Suppose o = a*v - 2*o - 676, -3*v + o = -1021. Is v a composite number?
True
Suppose 23*h + 6467 = 24*h. Is h a prime number?
False
Suppose -3*v + 19*i = 21*i - 13543, 18049 = 4*v + i. Is v a prime number?
False
Is 13*(52/2 + 3) prime?
False
Suppose 4*h - 15760 = g, h + g + g = 3931. Suppose -5*d = 1004 - h. Is d a composite number?
False
Let v(l) = l**2 - 10*l - 16. Let w be v(-19). Let p = w - 278. Is p composite?
False
Suppose 2*q + 456 = -1140. Let p(i) = i**3 + 4*i**2 + i + 2. Let z be p(-4). Is q/(-4) - (-1)/z composite?
False
Let m = 66 - 93. Let r be (-3620)/(-6) + 9/m. Suppose 2120 = 3*l + t - r, -903 = -l + 2*t. Is l composite?
False
Suppose 89186 = 3*r + 19619. Is r composite?
False
Let b(u) = -8*u + 5. Let m be b(-6). Let j be (147 - 4) + (-2)/2. Let i = j - m. Is i composite?
False
Let g = 31 - 32. Let s(n) = 2*n + 46*n**2 - 3*n + 4 - 5 + 157*n**2. Is s(g) a composite number?
True
Suppose 34*x - 21121 = 852237. Is x a composite number?
True
Is (2 - 7) + -4 - -18406 composite?
False
Suppose -3*i - 3*u + 29282 - 4019 = 0, 5*i - 42091 = 2*u. Is i a prime number?
True
Let m = 59 + -8. Is m composite?
True
Suppose 143508 = -56*b + 68*b. Is b composite?
False
Let y(a) = 187*a + 111*a + 2 + 11. Is y(7) composite?
False
Let r(s) = 11*s**2 - 5*s + 2. Let b be r(3). Suppose 4*h + b = -6. Is (h/1)/(3/(-51)) composite?
True
Let n(u) = 37*u**2 - 10*u - 141. Is n(-10) composite?
False
Suppose 5*z = -69 + 64. Is 194336/112 + (-1)/(-7)*z prime?
False
Let w = 61195 - 37214. Is w prime?
True
Let z = -14 + 54. Let j be 5*(-2 + z + 3). Suppose 5*t - 120 = j. Is t a composite number?
True
Let k(h) = h**2 + 2. Let p be k(0). Suppose p*j = 2*b - 3498, -5*j - 634 = -b + 1107. Is b prime?
False
Let y(l) = -33*l - 31. Let i be y(22). Let n = i - -1278. Is n a composite number?
False
Is 44*(-319)/(-44) + -12 a composite number?
False
Is ((-176524)/16)/(3*(-11)/132) a prime number?
True
Let s(m) = -20*m + 2*m**2 - 8 - 2 + 8*m. Let z be s(7). Is z - (-1)/((-1)/(-111)) a composite number?
True
Let w be 1695/6*(-24)/(-10). Let q = w + -235. Is q composite?
False
Suppose 4*c = 6 + 2. Suppose 0 = 2*a - 2, -l - 2*a - c*a = -454. Let r = l - 271. Is r composite?
False
Let f be (82/(-4) - -4)*(-5334)/9. Let m = -4950 + f. Is m prime?
False
Suppose -3*a - 1 = w - 8, -a + 4*w = -24. Let n be (62/a)/((-5)/(-30)). Suppose -6*o + 3*o = -n. Is o composite?
False
Suppose 5*b = 6*o - 2*o - 145, -3*b - o = 70. Let g = 90 - b. Suppose -5*i + 4*q - q + 107 = 0, -5*i + g = -5*q. Is i composite?
False
Let i(q) = 2*q**2 + 9*q + 3. Let z(f) = f**3 + 2*f**2 - 2*f - 2. Let g be z(2). Is i(g) a composite number?
False
Let z(x) be the second derivative of x**5/20 + 5*x**4/12 + x**3 + 3*x**2 - 8*x. Let m be z(-4). Is (m - 10)*(-35)/20 a prime number?
False
Let w(t) = -1 + 1 + 4*t**2 + 2*t - 4*t - 5. Is w(11) a prime number?
True
Let n = -509 + 3270. Is n a composite number?
True
Let h = 59 + -45. Is (721/h)/((-3)/12*-2) a composite number?
False
Suppose 2*f - 5*s = -1243, -4*f - s + 5*s = 2492. Let n = 4417 + f. Is n a composite number?
False
Let v be 135/25 + (-2)/5. Suppose -3*g = -v*i - 277 - 918, -i = 4*g - 1578. Suppose g = -7*r + 12*r. Is r a prime number?
True
Suppose 0 = -141*n + 136*n + 23495. Is n a composite number?
True
Let s be -2 + (-1 - 0 - -6). Let p be 3 + -1 + -4 + 5. Suppose p*t - 297 = -s*y, 0 = -4*t + 6*t + 8. Is y composite?
False
Is (3 - 1455/(-12))*(-1 - -5) prime?
False
Is (12/((-72)/(-72482)))/(1/3) a prime number?
True
Suppose -3*q + 2028 = -0*q. Suppose 2*y = -3*w + w + q, -2*y + 2 = 0. Is w prime?
True
Suppose g - 414 = 1688. Is g composite?
True
Let z = 32 - 29. Suppose -5*h + s + 676 = -5779, -z*h + 3860 = 2*s. Suppose 5*v - h = 2105. Is v prime?
False
Suppose 0 = 4*y + 3*a - 127, 4*a + a - 5 = 0. Suppose 0 = 5*i + y + 29. Is ((-16)/4)/i*237 a composite number?
False
Suppose -3*c - 12 = c, -2*f - 26 = 4*c. Let r(h) = -3*h**3 + 7*h**2 - 5*h + 8. Is r(f) prime?
False
Let z(o) = -7*o**2 + 4*o + 4. Let s be z(-3). Let w = 245 + -244. Is w/((-1)/(4 + s)) a prime number?
True
Suppose -3*f = -10*f - 42. Let x(s) = s - 11. Let i be x(f). Is (69 + -1)/(-4)*i composite?
True
Let d(r) = 11*r**2 + 2*r - 5. Let g be d(-5). Suppose 2*f + 2*j + 2*j = 242, -2*j - g = -2*f. Is f a composite number?
False
Suppose 0 = -4*l + 34 + 6. Let z be (1*-11)/((-1)/(-11)). Is -7 + l - (1 + z) prime?
False
Let h(q) = -3*q**2 - 8*q - 11. Let c be h(6). Let g = c - -385. Is g a prime number?
False
Let z be (-14)/(1744/868 - 2) + 0. Let a = -884 - z. Is a a composite number?
True
Let b = 32237 - 10060. Is b a prime number?
False
Suppose -p - 2*s + 2 = 0, -5*s = -p - 2*p - 16. Is (701/p)/(2/(-4)) prime?
True
Let k = 73896 - 39103. Is k prime?
False
Let p be 2 + -62 + (-6 - -8). Let o = p + 689. Is o a prime number?
True
Let d be (-33138)/(-36) - 2/(-4). Suppose -5*h = -2*h - d. Is h a prime number?
True
Let d be 12 + (3 - 4) + -2. Let a(o) = -10*o + o**3 + o + 4 - 6*o**2 - o. Is a(d) prime?
True
Let j be 10/(-85) - 684/(-34). Is (-15)/j - (-351)/4 a composite number?
True
Let s be (348/9)/4*-21. Let v = -114 - s. Let o = v - -20. Is o composite?
False
Suppose 2*y - 2*s + 2 = 0, 0 = 3*y + 8*s - 12*s + 4. Suppose x - 1230 = -j, -2*j = -5*x - y*j + 6129. Is x a composite number?
True
Suppose 84 = -5*r + 444. Suppose 4*m + r = -4*b, -4*m = 2*b - 7*m + 51. Is (-6)/b + (-383)/(-7) a prime number?
False
Let i(g) = -28*g**2 - 5*g - 1. Let h(w) = 29*w**2 + 5*w. Let t(p) = -3*h(p) - 4*i(p). Is t(-2) composite?
True
Suppose u - 3*a - 6526 = -1472, 2*a - 5049 = -u. Is u composite?
False
Let h be 28/(-6)*144/56. Let s(u) = -7*u + 39. Is s(h) composite?
True
Let y = -110 - -195. Suppose -3*v = l - y, -l + 0*l + 4*v = -106. Is l prime?
False
Suppose 3*n = -5*r - 21, -6*r - 3*n - 9 = -3*r. Let l(b) = -209*b - 11. Is l(r) a prime number?
False
Let b(t) = -t**2 + 4*t + 7. Let c be b(5). Suppose 182 = -c*q + 4*q. Is q a prime number?
False
Let u = 140 - 135. Suppose 413 = u*t - 702. Is t a composite number?
False
Let b = 3467 + -510. Is b prime?
True
Is 42/24*(-1636)/(-4)*4 composite?
True
Let v = -118 + 503. Let y = v - -202. Is y prime?
True
Let i(s) = s**3 + 5*s**2 + 2*s - 3. Let a be i(-4). Let v(t) = 98*t - 74. Let p be v(5). Suppose -a*z + 1829 + p = 0. Is z prime?
True
Let y be ((-16)/10)/(32/80). Is ((-11829)/6)/(2/y) prime?
True
Let i(p) be the second derivative of 120*p**3 + 7*p**2/2 - 10*p. Is i(4) a composite number?
False
Suppose 16*s - 11*s = 475. Let v = 702 + s. Is v prime?
True
Suppose 1254 = 5*j - 3*r, 3*j - r - 503 - 247 = 0. Let s be (-1)/(-4) + j/12. Let d = s - 15. Is d prime?
False
Suppose 4*q = -3*t + 6*t + 2075, 0 = -5*q - 4*t + 2617. Suppose d - q + 112 = 0. Is d prime?
True
Is 202788/171 + 4 + 148/(-38) composite?
True
Let n(j) be the first derivativ